en 60 is divided by u?
5
Suppose 280 = -v + 5*v. Let d = 6054 - 5705. Calculate the remainder when d is divided by v.
69
Suppose -3*t = 2*t - 415. Suppose -2*l = -5*j - 46, 0 = 1157*j - 1160*j. Calculate the remainder when t is divided by l.
14
Let v = -8 + 11. Suppose 4*z + 4*s - 412 = 0, 2*z - v*s = 288 - 102. Suppose -38*r - 6664 = -234*r. What is the remainder when z is divided by r?
31
Suppose -f - 5*u - 37 + 75 = 0, 42 = f + 3*u. Calculate the remainder when 1869 is divided by f.
45
Suppose -4*u + 65 = 5*y, -3*y + 0*y = -15. Let w = -3134 - -3203. Calculate the remainder when w is divided by u.
9
Suppose 8*d = -5*a + 4*d + 335, 164 = 3*a - 5*d. Suppose 0 = v + 4*u - a, 0*u + 272 = 4*v - 4*u. Calculate the remainder when v is divided by 2/7*(43 + 9 + -3).
11
What is the remainder when (6/4 + 3 - (9 - 4))*-280 is divided by 45?
5
Let h be 0 + (0/(-3))/(-3 - -4). Suppose h = 22*m - 15*m - 3220. Suppose -9*y = -4*y - m. What is the remainder when y is divided by 25?
17
Let s = 2308 - 859. What is the remainder when s is divided by 22?
19
Suppose 5006 - 31494 = -22*u. Suppose -5*i - x + u = -860, 2*x = -2. What is the remainder when i is divided by 52?
49
Suppose -26 = -h - 3*h - 2*t, -5*t = -2*h - 5. Suppose 195 = 5*v - 3*l, -2*l = 4*v - 5*l - 156. What is the remainder when 1515/20 + h/4 is divided by v?
38
Suppose -326*q - 32 = -328*q. Suppose 4*s - 141 = -3*t, s - 16 = -5*t + 15. Calculate the remainder when s is divided by q.
4
Suppose -11*k - 327 = -1526. Suppose k = w + 3*g, 11*g - 233 = -2*w + 8*g. Calculate the remainder when w is divided by 9.
7
Suppose 4*c = 28, -4*c + 2682 - 418 = 4*i. What is the remainder when i is divided by 110?
9
Calculate the remainder when 455 is divided by 1/10 - (-45 - 716/40).
14
Let f be (8/(-12))/(-2) - (-176)/3. Let x = f + -46. What is the remainder when x is divided by 6?
1
Let t be (26/(-39))/((-55)/75 + 4/10). Suppose 4 = -4*i, 2*i = -5*s - 0*i + 913. Suppose s = -t*k + 189. Calculate the remainder when 9 is divided by k.
0
Let y = -297 + 643. Let u = -329 + y. Calculate the remainder when 62 is divided by u.
11
Calculate the remainder when 0/(15 - 9) - -9743 is divided by 6.
5
Suppose -69 + 570 = 12*m + 21. What is the remainder when 819 is divided by m?
19
Suppose -4*y = -0*y. Suppose -83 + 131 = 16*t. Suppose 0 = -t*c - 4*u - 65 + 406, y = 2*c - 3*u - 216. Calculate the remainder when c is divided by 28.
27
Let t = 0 - -2. Suppose -537 = -3*w + v - 452, -5*v - 20 = 0. What is the remainder when w is divided by t?
1
Suppose z + 692 = 5*z. Let s = -109137 + 109225. What is the remainder when z is divided by s?
85
Suppose 0*v + 12 = 2*v + 4*s, -v - 5*s + 9 = 0. Let k(m) = -m**3 + 4*m**2 + 7*m - 1. Suppose -17*w + 16 = -69. What is the remainder when k(w) is divided by v?
1
Let r(d) = -466*d - 3198. What is the remainder when 891 is divided by r(-7)?
59
Suppose 4*s - 5*w - 868 = 0, -11*s + 1085 = -6*s - w. Calculate the remainder when s is divided by 4.
1
Let t = 21 + -17. Let g = 9 + -6. What is the remainder when -11*(-2 - g - -4) is divided by t?
3
Suppose -943*a + 935*a + 1328 = 0. What is the remainder when 288 is divided by a?
122
Suppose 112*f - 56158 = 44709 - 33891. Calculate the remainder when f is divided by 156.
130
Suppose 0 = 2*n - 5*a - 1399, -4*a + 4 = -0*a. Calculate the remainder when n is divided by 46.
12
Let x = 22 - 29. Calculate the remainder when 59 is divided by (22 - x - 8) + 0 + 1.
15
Let c be (-4 - 2) + 15 + 723. Let u = 964 - c. What is the remainder when u is divided by 55?
12
Suppose 0 = -3*z + 2*d + 242, 11*d + 195 = 4*z - 136. Calculate the remainder when 311 is divided by z.
71
Let f = -2930 + 1898. Calculate the remainder when -5*f/80 - (-6)/(-4) is divided by 53.
10
Let v = 37 + 6. What is the remainder when v is divided by 13 - (10 + 0) - (-16 + 1/1)?
7
Suppose 2*c + 2*c = 68. Suppose 36550 = -4*f + 9*f. What is the remainder when 2/9 + f/153 is divided by c?
14
Let g = 15484 + -14497. Calculate the remainder when g is divided by 5.
2
Suppose 25*f + 28617 - 60621 = 49871. What is the remainder when f is divided by 39?
38
Suppose 2*x + 2103 = 2153. Calculate the remainder when 473 is divided by x.
23
Let t = -19118 - -19219. Calculate the remainder when 350 is divided by t.
47
Suppose 1825 = 37*f - 12*f. Suppose -6*q = f - 241. What is the remainder when (2/(-2))/(1/(-80)) is divided by q?
24
Let m = 1131 + -931. Calculate the remainder when m is divided by 12.
8
Let a = -109 + 207. Suppose 0 = 3*f + f + 5*b - 196, 2*f - 3*b = a. Let w(m) = -3*m**2 - 58*m - 9. Calculate the remainder when f is divided by w(-19).
9
Suppose -5*b + 4*k = -3688, b + 2*k - 602 = 144. What is the remainder when 759 is divided by b?
19
Let r(f) = -f**3 + 5*f**2 - 18*f - 56. What is the remainder when 680 is divided by r(-2)?
0
Suppose 94*b = 103*b - 684. Suppose -5*q + y = 4*y - 118, 3*q = 5*y + 98. Calculate the remainder when b is divided by q.
24
Let y(p) = -p**3 - 3*p**2 - 5*p + 1. Suppose 51 = -4*g + 2*m + 21, 0 = -g + 2*m - 15. Calculate the remainder when y(g) is divided by (-3920)/350*5/(-2).
20
Suppose 9*r = 10*x - 11*x + 215, x = -2*r + 229. Calculate the remainder when x is divided by 36.
17
Let o be 81/18*(-3304)/(-3). Suppose 0 = -33*g + 3063 + o. Calculate the remainder when g is divided by 41.
38
Let v(x) = 5*x + 21*x - 7*x. Suppose -35*l + 104 + 246 = 0. Calculate the remainder when v(1) is divided by l.
9
Suppose -304*u = -305*u, -r = -4*u - 24. What is the remainder when 191 is divided by r?
23
Suppose -2*c + 20*u = 22*u - 22, -55 = -5*c - 4*u. Let k(s) = 4*s**2 - 43*s - 1. Suppose -18 = -3*t - 0. Calculate the remainder when k(c) is divided by t.
4
Let b = 195 + -82. Suppose d + b = -7. Let i = -106 - d. What is the remainder when 67 is divided by i?
11
Let l = -758 + 1022. Calculate the remainder when l is divided by 89.
86
Suppose 0 = 52*c - 39*c + 13. What is the remainder when 1856/24 - (c - 2/(-6)) is divided by 16?
14
Let v = -33 - -33. Suppose a - 1 = v, 0*b - 4*b - 2 = -2*a. Let p = 13 - b. Calculate the remainder when 49 is divided by p.
10
Let l(j) = 76*j - 4. Let b = -32 + 35. Suppose 5*u + 3*d + 1 = 0, 0 = -b*u - d + 1 - 0. What is the remainder when l(u) is divided by 19?
15
Let x(p) be the first derivative of 8*p**3/3 + 31*p**2/2 + 211*p - 80. Calculate the remainder when x(-7) is divided by 23.
18
Suppose 2*n = -3*s + 593 + 1496, -5*s + 2*n = -3487. Calculate the remainder when 727 is divided by s.
30
Let k(c) = -34*c**2 + 884*c + 18. Suppose 3*o - 2*x + 21 = 331, 0 = 3*o + 5*x - 338. What is the remainder when o is divided by k(26)?
16
Suppose -10 = 2*m, -74*q - 4*m + 790 = -69*q. What is the remainder when q is divided by 28?
22
Let a(m) = m**2 - 12*m + 24. Let y be a(10). What is the remainder when (y - (-7)/(-2)) + (-156)/(-8) is divided by 4 - (2 - 18/3)?
4
Suppose 16*j - 284 - 100 = 0. Let g(k) = -39*k**3 + k**2 + 2*k + 1. Calculate the remainder when (304/j - 8)/(4/66) is divided by g(-1).
38
Let u(j) = -j**3 - 7*j**2 - 7*j + 35. Calculate the remainder when 819 is divided by u(-6).
40
Let u(b) = b**3 + 5*b**2 - 2*b + 6. Let d be u(-7). Let i be 2*3/48 + 2030/16. Let k = i + d. Calculate the remainder when 94 is divided by k.
45
Let y = -35 - -39. Suppose -y*c = 5*u - 223, -219 = -5*u - c - c. Calculate the remainder when u + (2 - 0) - -4 is divided by 17.
15
Suppose -84*g + 2416 = 218*g. Calculate the remainder when 3580 is divided by g.
4
Let m(c) = 3*c**2 + 69*c + 9. Let w(v) = 2*v**2 + 46*v + 6. Let g(f) = 5*m(f) - 8*w(f). Let u = -11 - 5. Calculate the remainder when g(u) is divided by 37.
35
Let w(g) = 18*g**2 - 31*g - 74. Calculate the remainder when w(-3) is divided by 111.
70
Suppose 0*s + 4*s - 2*r = 318, 0 = s + 2*r - 67. Let g = -108 + s. Let i = g + 77. Calculate the remainder when i is divided by 16.
14
Suppose -2*s = -0*s - 16. Let f be ((-10)/4)/(((-14)/s)/7). Suppose -11*j + 189 = -f*j. What is the remainder when j is divided by 19?
18
Let a = -330 - -585. Suppose 5*v - a = 4*s, 3*v = -s + 87 + 66. Calculate the remainder when v is divided by 18.
15
Let m be (52/221)/(2/17). Suppose m*x + 714 = 930. What is the remainder when 318 is divided by x?
102
Suppose -4*q + 105 = -5*y - 4, -4*q = 3*y - 69. Let k(f) = 14*f - 49. Let a